a composite number?
True
Is 25057 a prime number?
True
Is 1095287 a composite number?
False
Is 906527 composite?
True
Is 47839 a prime number?
False
Is 103429 a composite number?
True
Is 74107 a composite number?
True
Is 1679 a prime number?
False
Is 33043 a composite number?
True
Is 1643 prime?
False
Is 941351 prime?
True
Is 7829 prime?
True
Is 75149 a prime number?
True
Is 9199 prime?
True
Is 48673 prime?
True
Is 9094 composite?
True
Is 6679 a prime number?
True
Is 1931 prime?
True
Is 773317 prime?
True
Is 130213 a composite number?
True
Is 9253 prime?
False
Is 9157 composite?
False
Is 208433 composite?
False
Is 23233 prime?
False
Is 8309 prime?
False
Is 891169 prime?
False
Is 192518 a prime number?
False
Is 18923 prime?
False
Is 94217 a prime number?
False
Is 166063 a prime number?
True
Is 34139 composite?
True
Is 380009 a composite number?
True
Is 33527 composite?
True
Is 226883 prime?
False
Is 11923 prime?
True
Is 16319 prime?
True
Is 29383 composite?
False
Is 23531 prime?
True
Is 2306789 composite?
True
Is 1517023 composite?
False
Is 386521 a composite number?
False
Is 103749 a prime number?
False
Is 1402178 a prime number?
False
Is 9647 a composite number?
True
Is 5519 composite?
False
Is 951113 a composite number?
True
Is 11873 a composite number?
True
Is 298513 a prime number?
True
Is 88169 composite?
False
Is 20901 prime?
False
Is 1229957 a composite number?
False
Is 104623 composite?
False
Is 238627 a prime number?
True
Is 51295 prime?
False
Is 270371 a prime number?
True
Is 38017 prime?
False
Is 395747 prime?
False
Is 363799 prime?
True
Is 59197 prime?
True
Is 3901 a prime number?
False
Is 661417 a prime number?
True
Is 3221 a composite number?
False
Is 11819 composite?
True
Is 26153 prime?
True
Is 37331 composite?
True
Is 6143 composite?
False
Is 2063 prime?
True
Is 709613 composite?
True
Is 3037 prime?
True
Is 1067509 a prime number?
True
Is 787651 a prime number?
False
Is 31957 composite?
False
Is 8780989 a prime number?
False
Is 21719 prime?
False
Is 7901 prime?
True
Is 25793 a composite number?
False
Is 1183267 composite?
False
Is 135803 prime?
False
Is 1043 prime?
False
Is 348987 a prime number?
False
Is 16963 prime?
True
Is 1116371 prime?
True
Is 23311 prime?
True
Is 11771 a composite number?
True
Is 536141 composite?
False
Is 38693 composite?
False
Is 62819 a prime number?
True
Is 30293 a composite number?
False
Is 193421 prime?
False
Is 184999 a prime number?
True
Is 5923 prime?
True
Is 17551 composite?
False
Is 35333 prime?
False
Is 2995 composite?
True
Is 34093 prime?
False
Is 22823 a composite number?
True
Is 13157 a prime number?
False
Is 72133 a prime number?
False
Is 3119 a composite number?
False
Is 41579 prime?
True
Is 3194 composite?
True
Is 133801 composite?
False
Is 48989 prime?
True
Is 196073 prime?
True
Is 35519 composite?
True
Is 788381 a composite number?
True
Is 840727 a prime number?
True
Is 53122 a composite number?
True
Is 32605 a composite number?
True
Is 840023 composite?
False
Is 46133 a prime number?
True
Is 311797 a composite number?
True
Is 641 a composite number?
False
Is 839 composite?
False
Is 77057 a composite number?
True
Is 1184858 a prime number?
False
Is 419555 a composite number?
True
Is 23417 composite?
False
Is 228485 a composite number?
True
Is 5414 a composite number?
True
Is 9221 prime?
True
Is 267123 composite?
True
Is 20161 a composite number?
False
Is 37571 composite?
False
Is 2993 a composite number?
True
Is 54401 composite?
False
Is 4187 a prime number?
False
Is 33107 a composite number?
False
Is 2427 prime?
False
Is 17729 composite?
False
Is 92623 a composite number?
False
Is 1979281 prime?
True
Is 21113 composite?
True
Is 27147 prime?
False
Is 8887 composite?
False
Is 1107077 a composite number?
True
Is 33343 a composite number?
False
Is 1853093 a composite number?
True
Is 86399 composite?
False
Is 4919 a composite number?
False
Is 388931 composite?
False
Is 7217 a composite number?
True
Is 70745 a prime number?
False
Is 4571 composite?
True
Is 15401 a composite number?
False
Is 382805 a prime number?
False
Is 62851 composite?
False
Is 17953 prime?
False
Is 110221 a composite number?
False
Is 124715 a prime number?
False
Is 174949 composite?
True
Is 117583 a composite number?
True
Is 251 composite?
False
Is 19709 a composite number?
False
Is 444551 prime?
False
Is 6619 a prime number?
True
Is 14591 composite?
False
Is 24943 a composite number?
False
Is 120973 a composite number?
True
Is 42794 a prime number?
False
Is 269237 composite?
False
Is 1062142 a prime number?
False
Is 1190087 composite?
True
Is 5129 composite?
True
Is 13801 a prime number?
False
Is 11269 a composite number?
True
Is 79241 prime?
True
Is 16351 a prime number?
False
Is 52999 prime?
True
Is 3719 a composite number?
False
Is 325921 prime?
True
Is 4897 composite?
True
Is 2077901 a composite number?
True
Is 306991 composite?
False
Is 73247 composite?
True
Is 1677443 a composite number?
False
Is 43447 composite?
True
Is 107131 prime?
False
Is 3560647 composite?
False
Is 6547 a prime number?
True
Is 282143 prime?
True
Is 281867 a prime number?
True
Is 5987 a composite number?
False
Is 325711 a prime number?
False
Is 13217 prime?
True
Is 72262 a prime number?
False
Is 64411 composite?
True
Is 953431 a composite number?
False
Is 5218 prime?
False
Is 75427 prime?
False
Is 23249 composite?
True
Is 31121 prime?
True
Is 392187 prime?
False
Is 29467 a prime number?
False
Is 457523 prime?
False
Is 389819 a composite number?
False
Is 50359 a prime number?
True
Is 1575041 composite?
True
Is 21577 a composite number?
False
Is 2279 prime?
False
Is 54647 composite?
False
Is 303913 a composite number?
True
Is 299281 prime?
True
Is 3037987 prime?
False
Is 22465 prime?
False
Is 1195957 a prime number?
False
Is 502327 prime?
False
Is 1465 composite?
True
Is 14095 composite?
True
Is 12877 composite?
True
Is 4163 composite?
True
Is 577079 prime?
False
Is 176887 a composite number?
False
Is 886583 a composite number?
False
Is 87778 a prime number?
False
Is 150317 a prime number?
False
Is 8081 a prime number?
True
Is 11747 prime?
False
Is 10669 a composite number?
True
Is 1528297 composite?
True
Is 21059 prime?
True
Is 1015277 composite?
False
Is 102229 a composite number?
False
Is 5941 composite?
True
Is 913013 a composite number?
False
Is 129307 composite?
True
Is 64693 prime?
True
Is 451859 composite?
False
Is 63361 a prime number?
True
Is 84943 a prime number?
False
Is 3845 a composite number?
True
Is 136463 prime?
True
Is 23431 composite?
False
Is 47621 a prime number?
False
Is 40577 a prime number?
True
Is 833783 prime?
True
Is 16441 a prime number?
False
Is 77681 a composite number?
False
Is 79757 prime?
True
Is 44683 prime?
True
Is 299723 a prime number?
True
Is 693283 a composite number?
False
Is 9587 prime?
True
Is 6599 a prime number?
True
Is 537799 a composite number?
True
Is 5941 composite?
True
Is 622901 a composite number?
False
Is 6598 a composite number?
True
Is 102433 a composite number?
False
Is 319967 a prime number?
True
Is 29221 a prime number?
True
Is 15671 a composite number?
False
Is 123815 a prime number?
False
Is 18923 a prime number?
False
Is 25439 a prime number?
True
Is 520541 a composite number?
True
Is 406697 a prime number?
True
Is 9109 a composite number?
False
Is 12365 a composite number?
True
Is 49727 a composite number?
False
Is 14447 prime?
True
Is 2999 prime?
True
Is 14591 prime?
True
Is 111409 prime?
True
Is 43853 composite?
False
Is 1095889 a prime number?
False
Is 754629 a composite number?
True
Is 54023 composite?
True
Is 34247 composite?
True
Is 2076731 prime?
True
Is 334415 a composite number?
True
Is 164011 composite?
False
Is 853649 composite?
True
Is 1559 composite?
False
Is 34031 a composite number?
False
Is 7907 prime?
True
Is 4759 prime?
True
Is 105227 composite?
False
Is 3112367 prime?
False
Is 68683 prime?
True
Is 1275499 prime?
True
Is 2043149 a prime number?
True
Is 63541 a prime number?
True
Is 2471 a composite number?
True
Is 784801 a composite number?
True
Is 533177 composite?
False
Is 6739 composite?
True
Is 88069 prime?
True
Is 97049 composite?
True
Is 907 a composite number?
False
Is 29101 prime?
True
Is 55579 prime?
True
Is 1082273 composite?
False
Is 121037 composit